) = b*v(k) - 3*i(k). Calculate z(-6).
-4
Let a(h) = -h**3 - h**2 + h. Let j(y) = 16*y**3 + 2*y**2 - 2*y + 1. Let v be ((-12)/36)/(12/(-9) - -1). Let z(n) = v*j(n) + 3*a(n). Calculate z(-1).
-14
Let i be (-13)/(-5) - 8/(-20). Let c(z) = -6*z**3 + 16*z**2 + 8*z - 1. Let y(h) = 7*h**3 - 19*h**2 - 9*h + 1. Let s(d) = -6*c(d) - 5*y(d). Calculate s(i).
10
Let h = -4 + 3. Let p(o) = -38*o - 71. Let u(a) = -13*a - 25. Let k(l) = -6*p(l) + 17*u(l). What is k(h)?
-6
Let q(j) be the second derivative of j**5/20 + 7*j**4/12 + 5*j**3/3 + 9*j**2/2 - 143*j. Give q(-6).
-15
Let i(h) = 2*h**3 - h**2 + 2*h**3 - 3*h**3 - 8*h**3 - 2*h + 2 + 6*h**3. Determine i(1).
-2
Let g(l) be the first derivative of -1/2*l**2 + 5 + 0*l. Let u(n) = 2*n - 1. Let d(v) = 3*g(v) + u(v). Determine d(-4).
3
Let c(j) be the first derivative of -2*j**2 + 2*j**3 - 9 - 5*j - 1/4*j**4. Give c(5).
0
Let l(f) = 2*f**3 - 6*f**2 + 2*f. Let p be l(3). Let a(v) = -5 + 0*v + p - 4*v. What is a(5)?
-19
Let m(g) = -14 - g + 5 + 3. Suppose -4*a - 16 = -4*q, 5*a + 16 + 5 = 4*q. Give m(a).
-1
Suppose 6*d = 5*d - 5. Let b(x) = 6*x**3 + 2*x**2 + 4*x - 6. Let v = -3 + 7. Let k(c) = 5*c**3 + 3*c**2 + 4*c - 6. Let j(h) = d*k(h) + v*b(h). Determine j(-6).
-6
Suppose 0 = -109*c + 97*c. Let o(x) be the first derivative of -x**2/2 - 19*x - 2. Give o(c).
-19
Let v(i) = 5*i**2 + 2*i - 1. Suppose 0 = m - 6*m - 20, 0 = 2*g - 5*m - 22. What is v(g)?
6
Let r(o) = o + 5. Suppose 8 = a - 2*l, -2*a = -l - 0*l - 13. Let h = a - 15. Let s = h - -5. What is r(s)?
1
Let f be 1/2 - (-30)/(-12). Let r be (0 - -1) + f + 4. Let s = -9 + r. Let n(x) = x**3 + 7*x**2 + 6*x + 4. Calculate n(s).
4
Let n(d) = 22 + 17 - 7*d**2 + d**3 - 7*d - 49. What is n(8)?
-2
Let x = 51 + -44. Let p(i) = i**3 - 8*i**2 + 9*i - 3. What is p(x)?
11
Let m(u) = -10 + 43 + u - 29. Determine m(-6).
-2
Let t(s) = s - 17. Let z(b) = 19. Let o(w) = -3*t(w) - 4*z(w). Determine o(-10).
5
Let y(l) = 3*l - 2. Let j(p) = -13*p + 6. Let g = -126 - -117. Let b(w) = g*y(w) - 2*j(w). Determine b(-7).
13
Let d(s) = -s - 7. Let a = 201 - 196. Determine d(a).
-12
Let k(u) = u**2 + 4*u - 29. Let m be k(-6). Let r(o) = o**3 + 16*o**2 - 17*o + 4. What is r(m)?
4
Let w(r) = r**2 - 5*r + 1. Suppose 90 = 18*v - 0*v. Calculate w(v).
1
Let q(b) = 4*b + 0 - 2 - 6 + 0*b + 26. Determine q(-6).
-6
Let t(i) = i**2 - i - 4. Let g(n) = -1. Let k(r) = 5*g(r) - t(r). Let z = -517 + 518. Determine k(z).
-1
Let d(j) = -3*j - 49. Let i be (4/6)/((-201)/4824). Give d(i).
-1
Suppose 672 = 15*l + 17*l. Let q(o) = -2*o + 37. Calculate q(l).
-5
Let i(y) be the second derivative of y**5/20 - 5*y**4/12 - 3*y**3/2 + 5*y**2/2 + 2*y. Suppose -2 = -a, -5*a = -4*f + 8*f - 34. What is i(f)?
-13
Let i(a) be the second derivative of a**5/20 - a**4/3 - a**3/6 - a**2 + 21*a. Let w be (0 + -2)/(8/(-20)). Calculate i(w).
18
Let x = 7 - 4. Let h(j) = 3 - 10 + j**2 + 15 + j**x. Determine h(0).
8
Let q(w) = -w**3 + w**2 - w + 10. Let b be q(0). Let i(d) = 13*d**2 - 17*d + 37. Let x(j) = -2*j**2 + j - 4. Let s(k) = i(k) + 6*x(k). Give s(b).
3
Let d = -15 - -12. Let t = 2 - d. Let c(m) be the first derivative of m**3/3 - m**2 - 6*m + 3. Determine c(t).
9
Let a be 1/((-1)/4) - -5. Let z be -6 + 3 + a + -10. Let g(f) = f**3 + 12*f**2 - f - 11. Let b be g(z). Let o(n) = 15*n - 1. Calculate o(b).
14
Let n(y) = 0*y + 6*y + 7 - 5*y + 5 - 4*y. Determine n(9).
-15
Let b = 29 - 27. Suppose 3*z - b*z = -2. Let h(p) = -2*p - 5. Let v(n) = 3*n + 8. Let g(l) = 8*h(l) + 5*v(l). Calculate g(z).
2
Let y(p) = p**3 - 2*p**2 - 2*p - 2. Suppose 0 = 4*h - 6*h + 28. Suppose -2 + h = 4*j. What is y(j)?
1
Let f(i) = i**2 + 2*i - 7. Suppose 0 = -2*s + 2*k + 4, 92*k - 13 = -2*s + 91*k. Give f(s).
28
Suppose 0 = -v - 1, 0 = -2*s - 2*v - 1 + 9. Suppose -s*c + 9 = -126. Let a = c + -30. Let t(z) = z**3 + 3*z**2 + 2*z + 1. Give t(a).
-5
Suppose -4 + 76 = 6*g. Let p(s) = -2*s**2 + 26*s - 5. Determine p(g).
19
Let q(l) = l**3 + 4*l**2 - 2*l - 4. Let k(u) = -5 - u - 10*u**2 + 6 + 4 - u**3 + 0. Let c be k(-10). Let t = c - 19. Determine q(t).
4
Let q(h) = 2*h**2 + 7*h - 5. Let o be (3 - 4)/(6/36). Give q(o).
25
Let s(x) be the second derivative of x**3/6 + 12*x**2 - 16*x + 1. Determine s(-14).
10
Let l(f) be the third derivative of -f**5/60 + f**4/8 - f**3/2 + 2*f**2 + 40*f. What is l(2)?
-1
Let q(b) = -10*b + 22 - 19 + 5*b. Determine q(5).
-22
Let n(b) = -b**2 + 4*b + 6. Let i = -5 - -7. Let y = i + 3. Suppose 2*r = y + 5. Calculate n(r).
1
Let u = 251 + -250. Let b = 0 - -1. Let f(v) = -3*v**2 - v**3 - v**2 - 2*v + b + 6*v**2. Give f(u).
0
Let l(s) = -s**2 - 18*s - 23. Let b = 32 + -49. Let o be l(b). Let u(p) = -p**2 - 3*p + 6. What is u(o)?
-12
Let v(w) = w + 5. Suppose -k - 2*g = 0, 4*g + 9 = g. Suppose -k*z - 4*z = -4*z. Determine v(z).
5
Let h = 17 - 15. Let r(x) = -4*x + 1. Give r(h).
-7
Let s(p) be the third derivative of -p**8/6720 + p**7/630 + p**6/120 + p**5/24 + 23*p**4/24 - 12*p**2. Let o(y) be the second derivative of s(y). What is o(5)?
10
Let k(h) be the third derivative of 0*h + 0 + 5/24*h**4 + 3/2*h**3 + 2*h**2. Let g(u) = 6*u + 10. Let i(f) = 4*g(f) - 5*k(f). Give i(-6).
1
Let s be 35/(-6) + (-12)/72. Let n(b) = -b**3 - 6*b**2 - 3*b - 1. What is n(s)?
17
Let j(a) = a**3 + 3*a**2 - 6*a - 8. Let x(l) = 4*l**3 - l**2 - 2*l - 1. Let t be x(-1). Let b be j(t). Let d(u) = -u**3 - u**2 - u + 1. Give d(b).
1
Let r(q) = -q**2 - 4*q**2 - 5*q + 4*q**2 - 10 + 10*q. Give r(8).
-34
Let f(u) = -2*u + 7. Let w = 5 + -3. Let i(x) = -x + 4. Let k(p) = w*f(p) - 5*i(p). What is k(3)?
-3
Let k(r) = -r**2 + 550 - 3*r - 576 + 16*r. What is k(3)?
4
Suppose 17 = -2*m + 5. Let q(r) = -13*r**3 - 14*r**2 + r - 7. Let n = 9 - 3. Let o(z) = -7*z**3 - 7*z**2 + z - 4. Let j(y) = n*q(y) - 11*o(y). Calculate j(m).
-4
Let c(m) = -2 - 1 + 1 - m + 2*m. Let y(i) = -2*i**2 + 15*i - 22. Let g be y(5). Give c(g).
1
Let c = 27 + -17. Suppose 3 = -7*a + c*a. Let h(b) = -13*b**2 - 2*b + 1. Give h(a).
-14
Let d(p) be the third derivative of 0*p**4 - 15*p**2 + 0 + 1/12*p**5 - 1/6*p**3 + 0*p. Calculate d(2).
19
Let q(h) = -18 - h + 21 + 0 + 7 + 2. Suppose 3*f = 2*f. Determine q(f).
12
Let l(q) = 3*q**3 + 2*q. Let i = 30 - 28. What is l(i)?
28
Let b(s) be the second derivative of -s**5/20 + 13*s**4/12 - 7*s**3/3 - 33*s. Calculate b(12).
-24
Let y(v) = -3*v**2 + 1. Suppose -2*i + 0*r + 13 = 3*r, 15 = 5*r. Suppose 5*n = 5*o - 15, 7*n + 23 = i*n - 3*o. Let u be (10/25)/(n/(-10)). Give y(u).
-2
Suppose -41 + 39 = -4*g - s, 3*g = -5*s + 10. Let f(r) be the second derivative of 2*r - 1/5*r**5 + 1/6*r**3 + g*r**2 - 1/12*r**4 + 0. Determine f(1).
-4
Suppose -2*v - 6*h + 308 = -3*h, 4*v = 4*h + 656. Let z(p) = v*p - 7 + 2 - 161*p. What is z(6)?
-11
Let u(z) = -23 + 3*z + 34 - 1. Determine u(-4).
-2
Let q(g) = g**3 - 3*g**2 + g. Let m(f) be the first derivative of f**2/2 - 12*f - 4. Let v be m(11). Let o = 2 - v. What is q(o)?
3
Let w(h) = h**2 + 5*h - 3. Let j be w(-7). Suppose j*k = 4*k. Let v(o) = o**2 - 2. What is v(k)?
-2
Let d(a) be the first derivative of -a**4/4 + a**3/3 - 3*a**2/2 + 2*a - 3. Suppose -22 = -u - 21. Let b(q) = 3*q**2 - 3*q + 2. Let z be b(u). Give d(z).
-8
Let w(b) be the first derivative of b**2/2 + 6*b - 41. Let z(q) = 3*q**3 - q**2 + q + 1. Let p be z(-1). Calculate w(p).
2
Let n = 100 - 94. Let o(r) = 7*r - 13. What is o(n)?
29
Let n(x) = -x**3 + 7*x**2 - x + 7. Let u be n(7). Let r(b) = -b**3 + 2*b**2 - 15*b**2 + 14*b**2. Calculate r(u).
0
Let d(k) be the third derivative of -k**6/40 + k**5/60 - k**4/6 + k**3/2 + 488*k**2. Determine d(2).
-25
Let r(f) = 7*f**3 - 1. Suppose 3*y = p - 2, -6*y - 5 = -y - 2*p. What is r(y)?
6
Let l(y) = -16*y - 17*y - y**2 - 18*y + 45*y + 0 + 4. Calculate l(-8).
-12
Let a(f) = f**2 + 4. Let d = -547 + 544. Determine a(d).
13
Let i(a) = -6*a - 4. Let s(n) = n + 1. Let w(p) = -6*i(p) - 33*s(p). Calculate w(6).
9
Let x(b) be the first derivative of -b**4/4 + b**3/2 - b**2 - 2*b - 29. Let m(d) be the second derivative of x(d). What is m(2)?
-9
Let i(p) = -p**3 + p**2 - 10. Let r be i(0). Let f = r - -12. Let d(m) = 11*m**3 + m**2 - m**2 + m**f - 4*m**3. Calculate d(-1).
-6
Let j(b) = -1 + 0 - b**3 - 1 + b. Let q(w) = w**3 - 11*w**2 - w + 9. Let p = -30 + 41. Let o be q(p). What is j(o)?
4
Let z be (-15)/(-10) + (2 - (-15)/